ase 15) in base 7?
216652355
Convert -8651610 (base 9) to base 2.
-10001101100110001101011
Convert -127313 (base 8) to base 6.
-543055
What is -303311012 (base 4) in base 8?
-636506
Convert -122311112 (base 4) to base 9.
-176682
-1415124 (base 6) to base 3
-11001222221
Convert b04cf (base 16) to base 4.
2300103033
-146b9 (base 15) to base 9
-110043
-914b8b (base 12) to base 3
-11021021020122
103443212 (base 5) to base 2
1101110100101000100
Convert -101120001202 (base 3) to base 2.
-110010101111000100
What is 2503294 (base 10) in base 5?
1120101134
Convert 2000038 (base 10) to base 12.
80551a
-51035353 (base 6) to base 11
-901546
-4716104 (base 8) to base 16
-139c44
-374874 (base 15) to base 16
-286765
What is -26912 (base 14) in base 15?
-1d286
What is 6215420 (base 7) in base 12?
2ba562
Convert -1112553 (base 7) to base 12.
-67916
What is -13033130 (base 4) in base 5?
-1422120
-53704 (base 10) to base 5
-3204304
What is -410922 (base 14) in base 9?
-4110156
What is 1201000022110 (base 3) in base 10?
905646
What is -103784 (base 13) in base 4?
-1130210213
What is 110010011000000111111 (base 2) in base 6?
55214211
Convert 2253616 (base 8) to base 6.
21042234
65600243 (base 7) to base 4
111132220022
-10110000101000011000000 (base 2) to base 3
-101220001102110
Convert -557551 (base 9) to base 11.
-208707
Convert -320112223032 (base 4) to base 9.
-30715600
Convert 1000111000001101001 (base 2) to base 10.
290921
What is 1373702 (base 9) in base 13?
2068b8
Convert -2112211110 (base 3) to base 5.
-3101203
Convert 431554414 (base 6) to base 2.
11101001011111111101010
4431223 (base 5) to base 14
20127
27150 (base 14) to base 9
156086
Convert 100100011001101 (base 2) to base 7.
105223
What is 21032224 (base 5) in base 10?
174064
40050300 (base 6) to base 4
10102332330
-1340132032 (base 5) to base 8
-15104117
-197c30 (base 16) to base 10
-1670192
What is -b3a51 (base 12) in base 10?
-234781
-1100102010 (base 4) to base 3
-121201002010
What is 1044230 (base 8) in base 7?
2246310
63442 (base 7) to base 5
1000121
100001021222 (base 3) to base 12
8708b
476040 (base 11) to base 16
b8421
Convert 21577670 (base 8) to base 4.
101233332320
-10d003 (base 15) to base 11
-4a9550
What is 5822701 (base 9) in base 8?
13776051
-5671a6 (base 13) to base 2
-111110010111001111011
Convert -2381237 (base 9) to base 14.
-25952a
-2424544 (base 7) to base 12
-12a981
Convert 133030222022 (base 4) to base 16.
7cca8a
What is -672279 (base 11) in base 3?
-2000110012200
-618434 (base 9) to base 16
-599c2
What is -61365045 (base 7) in base 10?
-5125482
What is 152022 (base 7) in base 15?
8b29
Convert 1110100001110001001 (base 2) to base 8.
1641611
Convert -1455002435 (base 6) to base 16.
-1193717
1230321000 (base 4) to base 2
1101100111001000000
Convert c009d (base 16) to base 6.
24505341
What is 2b8d1 (base 15) in base 12?
69297
-67b371 (base 13) to base 11
-1425621
Convert 2001366 (base 7) to base 6.
5015500
Convert 2344502 (base 8) to base 5.
131010341
-1002102002100012 (base 3) to base 11
-8906069
What is -15012848 (base 9) in base 11?
-4228504
What is 940286 (base 13) in base 2?
1101001011110101001001
What is 7a0943 (base 14) in base 11?
2385580
What is 21001311233 (base 4) in base 16?
241d6f
What is -13303344 (base 5) in base 8?
-407301
-82439b (base 13) to base 11
-1794729
4073246 (base 8) to base 5
234011300
d107 (base 14) to base 4
20300203
Convert 1311301 (base 4) to base 2.
1110101110001
Convert -2343325 (base 6) to base 13.
-43a57
303576 (base 9) to base 6
3504240
What is 88771 (base 13) in base 9?
416251
Convert -27c4cc (base 13) to base 12.
-3a9221
-113233313 (base 4) to base 9
-157378
What is 3920170 (base 12) in base 3?
210011000012110
What is 665402 (base 8) in base 6?
4445014
-b5ae1 (base 16) to base 3
-1101210210112
Convert -24001003 (base 5) to base 8.
-653376
Convert -581271a (base 12) to base 3.
-1011212221021011
What is 11011011000010110 (base 2) in base 14?
2cc2a
Convert -1520192 (base 11) to base 13.
-703402
Convert 10111012102221 (base 3) to base 2.
111000100101011011001
What is 1192453 (base 10) in base 2?
100100011001000000101
What is -1232bb8 (base 13) in base 16?
-56632a
What is 17ae3 (base 16) in base 4?
113223203
11156717 (base 8) to base 14
46c6d1
-177438 (base 10) to base 4
-223110132
What is -371336 (base 8) in base 6?
-2423130
310154500 (base 6) to base 2
10100010110010001000100
-211013321000 (base 4) to base 6
-544325532
2607b6b (base 12) to base 3
112001221212202
What is -2816c6 (base 16) in base 7?
-31221452
a280 (base 13) to base 16
578c
What is 200012220 (base 3) in base 11?
9a84
-28eda0 (base 16) to base 13
-72bb58
Convert -3054717 (base 8) to base 14.
-170d9d
2633324 (base 7) to base 4
1110013121
What is -11540124 (base 6) in base 5?
-43330313
What is -233013033 (base 4) in base 9?
-323636
What is -100122202020 (base 3) in base 11?
-11a8a6
What is -2a58c4 (base 14) in base 8?
-5501304
Convert 3230311200 (base 4) to base 7.
11150136
What is 1786871 (base 9) in base 6?
33252314
Convert 4167288 (base 9) to base 5.
1032321044
What is -1b5775 (base 14) in base 13?
-28209a
What is 2002102110 (base 3) in base 11?
289a4
Convert 1325a66 (base 11) to base 7.
25324010
Convert 2005452 (base 7) to base 16.
39ebe
Convert 3821037 (base 11) to base 8.
31234420
-1112471 (base 10) to base 5
-241044341
Convert -442311 (base 6) to base 4.
-20333203
10112022002102 (base 3) to base 11
1071337
Convert 320000313110 (base 4) to base 16.
e00dd4
-2002000221020 (base 3) to base 14
-209d29
4828622 (base 10) to base 16
49adce
What is 4947a (base 11) in base 8?
212712
Convert 1a9bbd (base 14) to base 2.
11100111101100001011
-7b8a8c (base 15) to base 12
-1b87536
What is -4739bd (base 16) in base 3?
-22210011001212
Convert -2466354 (base 7) to base 12.
-134860
421971a (base 11) to base 13
1704703
What is -199da (base 15) in base 12?
-401ba
What is -7beee1 (base 15) in base 7?
-101226355
-2300010 (base 5) to base 10
-40630
44d36 (base 15) to base 2
110101011101100000
1223712 (base 8) to base 16
527ca
What is 12323003302 (base 4) in base 11?
102a511
What is -516511 (base 12) in base 3?
-2101211100011
34282 (base 15) to base 10
165947
Convert 40522425 (base 6) to base 2.
100011011101001010001
Convert 584a70 (base 11) to base 3.
1202012100012
What is 12039a (base 14) in base 12?
258158
-123074 (base 11) to base 14
-50bc3
c9ac2 (base 16) to base 6
25412150
Convert -3443422 (base 7) to base 9.
-726221
Convert -3876868 (base 11) to base 13.
-1511352
What is 121203321 (base 5) in base 6?
20111123
Convert -22001001212 (base 3) to base 8.
-465043
-554553 (base 6) to base 9
-70626
Convert -2b76c (base 14) to base 7.
-631165
Convert -11111112101 (base 3) to base 14.
-24405
10213213102 (base 4) to base 2
100100111100111010010
Convert 1727374 (base 8) to base 3.
221120201221
-166ce (base 16) to base 12
-451a6
251320 (base 7) to base 2
1011010000101011
What is 19d02a4 (base 14) in base 9?
26185154
-a5069 (base 11) to base 10
-153140
What is 25153323 (base 6) in base 2?
11000101010011110011
3ef3b4 (base 16) to base 6
224232032
-8576c (base 13) to base 4
-322301222
What is -30213100 (base 4) in base 7?
-303424
What is -868ca (base 14) in base 7?
-2524043
Convert -1011221101010 (base 3) to base 11.
-39a36a
What is 673860 (base 11) in base 12?
439510
Convert -33053035 (base 6) to base 16.
-f0f2f
Convert 213130120 (base 4) to base 14.
42c40
What is -11010101001010001110110 (base 2) in base 15?
-92e89c
What is 1c191a (base 16) in base 14?
35d110
Convert 3a766 (base 11) to base 9.
87683
103013132001 (base 4) to base 6
255224333
Convert 30212054 (base 6) to base 10.
857122
What is 94546 (base 13) in base 10?
266740
Convert 31ab0 (base 12) to base 2.
1111111111100100
7a710 (base 11) to base 15
24870
Convert 944873 (base 15) to base 10.
7052283
What is -871105 (base 11) in base 15?
-1c7837
Convert -125441 (base 7) to base 5.
-1223144
223702 (base 9) to base 5
13241401
Convert -20100022130 (base 4) to base 7.
-24250106
What is -8507 (base 13) in base 11?
-12933
Convert -e19ce (base 15) to base 6.
-23151052
What is -1454a5 (base 11) in base 10?
-226869
-29eb9 (base 15) to base 9
-225103
2303454 (base 6) to base 2
11100101011011010
What is -1a9774 (base 11) in base 9?
-537414
9a8c3f (base 16) to 